1 and 269637?
3
Calculate the highest common divisor of 3215956 and 16.
4
Calculate the greatest common divisor of 6669 and 21465054.
351
What is the highest common factor of 271112 and 16440?
8
What is the highest common factor of 1122 and 5948283?
561
What is the greatest common factor of 16709161 and 21?
7
What is the greatest common factor of 1861638570 and 20772?
10386
What is the highest common divisor of 820 and 191410?
10
Calculate the highest common divisor of 57580 and 500.
20
Calculate the highest common factor of 298328 and 18305272.
3352
What is the greatest common factor of 181121565 and 15?
15
What is the highest common divisor of 723679 and 66?
11
What is the highest common divisor of 1638 and 3557502?
234
Calculate the highest common divisor of 48576 and 88066.
22
Calculate the highest common divisor of 62684886 and 66.
66
What is the highest common factor of 1466454 and 56661?
561
What is the highest common divisor of 15486 and 3137250?
534
Calculate the highest common factor of 1553714 and 3891326.
4694
Calculate the highest common factor of 2043525 and 64350.
825
Calculate the highest common divisor of 13951212 and 4224.
132
Calculate the greatest common divisor of 16969916 and 1384.
692
Calculate the highest common divisor of 4521 and 321513929.
1507
Calculate the highest common divisor of 13290750 and 21186.
198
Calculate the greatest common factor of 20753961 and 63141.
4857
What is the highest common factor of 358484 and 21952?
196
Calculate the highest common factor of 297 and 3030313.
11
Calculate the highest common factor of 2623117 and 17219.
67
What is the highest common factor of 10875 and 11775125?
125
Calculate the highest common divisor of 1265 and 599555.
55
What is the greatest common factor of 54704512 and 7424?
128
Calculate the highest common divisor of 74876 and 11732.
4
What is the greatest common divisor of 1793652 and 13755?
2751
Calculate the highest common factor of 1828 and 61144.
4
What is the highest common divisor of 22300 and 157095695?
1115
What is the highest common divisor of 2759 and 985?
1
What is the greatest common divisor of 7611 and 3679476?
177
Calculate the highest common factor of 6963088 and 176.
176
Calculate the greatest common divisor of 1047 and 114931284.
1047
Calculate the greatest common factor of 2466207 and 19303.
199
What is the highest common divisor of 13020 and 5538708?
2604
Calculate the highest common factor of 41444 and 6175.
13
What is the highest common factor of 1005 and 130735827?
201
Calculate the highest common factor of 6 and 18704406.
6
Calculate the highest common divisor of 131705559 and 1305.
261
Calculate the greatest common factor of 153 and 448324017.
51
Calculate the highest common divisor of 93216 and 20512.
32
What is the highest common divisor of 118791 and 537219?
1773
Calculate the greatest common factor of 2 and 146359126.
2
What is the highest common factor of 270 and 9856710?
90
Calculate the highest common factor of 1677123 and 160377.
147
What is the highest common factor of 248790 and 1340?
10
What is the greatest common divisor of 98865 and 126360?
585
What is the highest common divisor of 624 and 3114800?
208
Calculate the greatest common divisor of 3252420 and 3105.
135
Calculate the highest common factor of 12703853 and 21819.
1039
What is the highest common divisor of 9686 and 627419?
167
What is the highest common factor of 25092 and 29784?
204
Calculate the greatest common factor of 38 and 656425471.
19
What is the highest common divisor of 177736 and 19526?
26
Calculate the greatest common factor of 67791 and 173882.
383
Calculate the highest common factor of 282531900 and 679.
679
What is the highest common divisor of 8286 and 821694?
6
Calculate the greatest common factor of 549775 and 3025.
25
What is the highest common divisor of 179019448 and 656?
328
What is the greatest common factor of 365 and 74205449?
73
What is the highest common divisor of 2484512820 and 180?
180
What is the highest common divisor of 2220181 and 3934?
281
Calculate the greatest common divisor of 271374 and 2077.
31
Calculate the highest common divisor of 360 and 11989170.
90
Calculate the greatest common factor of 10 and 269085.
5
Calculate the highest common divisor of 3362 and 2621089.
41
What is the greatest common divisor of 131930392 and 4048?
2024
Calculate the highest common factor of 1623 and 2577.
3
What is the greatest common divisor of 29550 and 7412322?
1182
Calculate the greatest common divisor of 303457 and 686.
49
Calculate the highest common divisor of 902908 and 1696.
212
Calculate the highest common factor of 1150996 and 171801.
707
What is the highest common factor of 5344163 and 88?
11
Calculate the greatest common divisor of 8992872 and 556.
4
What is the highest common divisor of 712 and 335426582?
178
What is the greatest common divisor of 63 and 84017385?
9
Calculate the greatest common factor of 683 and 46033517.
683
What is the highest common factor of 8288285 and 315?
5
What is the greatest common divisor of 411900 and 2303400?
300
What is the highest common factor of 8070 and 388140?
30
What is the greatest common factor of 6248 and 244808?
568
What is the highest common factor of 14475 and 1323?
3
Calculate the greatest common factor of 894802348 and 88.
44
Calculate the greatest common factor of 258744 and 2748.
12
Calculate the greatest common divisor of 49996876 and 246.
82
Calculate the greatest common divisor of 21145050 and 14950.
1150
Calculate the highest common factor of 2424757539 and 293.
293
What is the highest common divisor of 73488 and 3840?
48
What is the greatest common factor of 833257390 and 2590?
2590
Calculate the highest common factor of 107940 and 9533580.
420
What is the highest common factor of 34689 and 2883?
93
Calculate the greatest common factor of 60243 and 21784149.
1401
Calculate the highest common divisor of 190060 and 8432515.
2795
What is the greatest common divisor of 20794 and 134976?
74
What is the greatest common factor of 8 and 1206310?
2
Calculate the highest common divisor of 6548246 and 1095.
73
What is the highest common divisor of 32002309 and 107?
107
What is the highest common divisor of 843463392 and 96?
96
Calculate the greatest common divisor of 18980229 and 2613.
201
What is the highest common divisor of 236 and 113930534?
118
What is the greatest common divisor of 3880294 and 44?
22
What is the highest common factor of 108915 and 5035?
265
What is the greatest common divisor of 33611 and 373027?
551
What is the greatest common divisor of 7803 and 86157?
27
Calculate the greatest common factor of 222196 and 3209023.
4273
What is the greatest common divisor of 6487 and 1548388517?
6487
Calculate the greatest common divisor of 35019 and 52623.
27
What is the greatest common factor of 2452896 and 108?
108
What is the highest common divisor of 24849 and 11502326?
2761
What is the highest common divisor of 1724750 and 10050?
50
Calculate the highest common divisor of 1355500 and 160.
20
Calculate the highest common divisor of 837632 and 1536.
512
Calculate the greatest common divisor of 26376636 and 6864.
1716
What is the greatest common divisor of 63296278 and 214?
214
What is the highest common divisor of 3012747 and 117983?
929
What is the greatest common divisor of 51473480 and 520?
40
Calculate the greatest common divisor of 214211164 and 24.
4
What is the greatest common divisor of 255 and 35995936?
17
What is the greatest common factor of 102389805 and 31185?
945
Calculate the highest common divisor of 23403484 and 689.
13
Calculate the greatest common factor of 14187746 and 1952.
122
What is the highest common factor of 25 and 87597635?
5
What is the greatest common divisor of 736508133 and 6642?
3321
Calculate the greatest common divisor of 148334760 and 105.
105
Calculate the highest common divisor of 826 and 5549894.
826
Calculate the highest common divisor of 10 and 19916790.
10
What is the greatest common factor of 163443 and 5762316?
3801
Calculate the highest common factor of 8582 and 386932.
14
Calculate the greatest common divisor of 209093 and 667.
23
Calculate the highest common factor of 105120 and 464864.
2336
What is the greatest common divisor of 846 and